 of 39826?
8
What is the thousands digit of 2142?
2
What is the units digit of 640?
0
What is the tens digit of 13340?
4
What is the tens digit of 4196?
9
What is the units digit of 1413?
3
What is the units digit of 6573?
3
What is the tens digit of 6626?
2
What is the units digit of 1615?
5
What is the hundreds digit of 38159?
1
What is the thousands digit of 11361?
1
What is the tens digit of 438?
3
What is the hundreds digit of 1421?
4
What is the units digit of 13406?
6
What is the tens digit of 3323?
2
What is the ten thousands digit of 52983?
5
What is the tens digit of 16507?
0
What is the tens digit of 3441?
4
What is the tens digit of 963?
6
What is the tens digit of 2417?
1
What is the units digit of 65?
5
What is the hundreds digit of 866?
8
What is the hundreds digit of 2213?
2
What is the hundreds digit of 7658?
6
What is the hundreds digit of 29547?
5
What is the hundreds digit of 7859?
8
What is the tens digit of 27239?
3
What is the units digit of 5050?
0
What is the tens digit of 813?
1
What is the thousands digit of 17395?
7
What is the tens digit of 1665?
6
What is the tens digit of 1538?
3
What is the tens digit of 3702?
0
What is the units digit of 4419?
9
What is the hundreds digit of 42779?
7
What is the ten thousands digit of 34194?
3
What is the units digit of 4389?
9
What is the tens digit of 5414?
1
What is the units digit of 658?
8
What is the hundreds digit of 15666?
6
What is the hundreds digit of 14184?
1
What is the hundreds digit of 87968?
9
What is the units digit of 11766?
6
What is the units digit of 22357?
7
What is the units digit of 2670?
0
What is the thousands digit of 31235?
1
What is the units digit of 8384?
4
What is the hundreds digit of 19330?
3
What is the tens digit of 337?
3
What is the tens digit of 4020?
2
What is the tens digit of 68366?
6
What is the hundreds digit of 20031?
0
What is the hundreds digit of 35677?
6
What is the hundreds digit of 33464?
4
What is the thousands digit of 1593?
1
What is the tens digit of 2207?
0
What is the hundreds digit of 3580?
5
What is the thousands digit of 23899?
3
What is the thousands digit of 2201?
2
What is the tens digit of 398?
9
What is the hundreds digit of 103839?
8
What is the units digit of 3037?
7
What is the units digit of 4815?
5
What is the hundreds digit of 1535?
5
What is the units digit of 1103?
3
What is the units digit of 58316?
6
What is the tens digit of 826?
2
What is the thousands digit of 51042?
1
What is the hundreds digit of 35433?
4
What is the thousands digit of 9670?
9
What is the ten thousands digit of 26462?
2
What is the hundred thousands digit of 141531?
1
What is the tens digit of 2697?
9
What is the units digit of 329?
9
What is the units digit of 14573?
3
What is the hundreds digit of 6866?
8
What is the ten thousands digit of 11302?
1
What is the units digit of 23938?
8
What is the units digit of 4219?
9
What is the hundreds digit of 3688?
6
What is the hundreds digit of 28555?
5
What is the tens digit of 77237?
3
What is the tens digit of 24207?
0
What is the tens digit of 968?
6
What is the hundreds digit of 3908?
9
What is the thousands digit of 16866?
6
What is the hundreds digit of 220?
2
What is the tens digit of 3506?
0
What is the tens digit of 904?
0
What is the hundreds digit of 883?
8
What is the tens digit of 15316?
1
What is the hundreds digit of 6862?
8
What is the thousands digit of 27429?
7
What is the hundreds digit of 1025?
0
What is the hundreds digit of 124023?
0
What is the ten thousands digit of 37339?
3
What is the tens digit of 100459?
5
What is the ten thousands digit of 16027?
1
What is the thousands digit of 10563?
0
What is the tens digit of 434?
3
What is the tens digit of 95068?
6
What is the tens digit of 85?
8
What is the thousands digit of 4521?
4
What is the tens digit of 1007?
0
What is the ten thousands digit of 11070?
1
What is the hundreds digit of 1672?
6
What is the tens digit of 8318?
1
What is the units digit of 2291?
1
What is the hundreds digit of 4055?
0
What is the ten thousands digit of 80566?
8
What is the units digit of 6400?
0
What is the tens digit of 1996?
9
What is the thousands digit of 2077?
2
What is the tens digit of 479?
7
What is the hundreds digit of 7206?
2
What is the hundreds digit of 17066?
0
What is the thousands digit of 6739?
6
What is the tens digit of 3191?
9
What is the tens digit of 1961?
6
What is the tens digit of 30606?
0
What is the tens digit of 3795?
9
What is the units digit of 131095?
5
What is the units digit of 25062?
2
What is the units digit of 2774?
4
What is the tens digit of 3170?
7
What is the thousands digit of 20652?
0
What is the hundreds digit of 82530?
5
What is the tens digit of 144668?
6
What is the thousands digit of 91018?
1
What is the units digit of 646?
6
What is the hundreds digit of 101?
1
What is the hundreds digit of 1655?
6
What is the hundreds digit of 6054?
0
What is the hundreds digit of 1311?
3
What is the hundreds digit of 4311?
3
What is the units digit of 1805?
5
What is the tens digit of 2159?
5
What is the tens digit of 4899?
9
What is the tens digit of 12798?
9
What is the thousands digit of 2209?
2
What is the tens digit of 14396?
9
What is the tens digit of 9108?
0
What is the tens digit of 156?
5
What is the thousands digit of 80879?
0
What is the thousands digit of 3577?
3
What is the tens digit of 74713?
1
What is the units digit of 984?
4
What is the tens digit of 822?
2
What is the units digit of 2402?
2
What is the units digit of 3707?
7
What is the thousands digit of 5029?
5
What is the tens digit of 52569?
6
What is the thousands digit of 17836?
7
What is the units digit of 4889?
9
What is the units digit of 1803?
3
What is the tens digit of 1470?
7
What is the thousands digit of 1539?
1
What is the tens digit of 519?
1
What is the hundreds digit of 167?
1
What is the units digit of 934?
4
What is the hundreds digit of 724?
7
What is the ten thousands digit of 32090?
3
What is the hundreds digit of 36717?
7
What is the tens digit of 91465?
6
What is the units digit of 1298?
8
What is the units digit of 33800?
0
What is the tens digit of 2643?
4
What is the hundreds digit of 9429?
4
What is the tens digit of 5067?
6
What is the units digit of 1385?
5
What is the hundreds digit of 1926?
9
What is the thousands digit of 146889?
6
What is the units digit of 78522?
2
What is the units digit of 4546?
6
What is the tens digit of 590?
9
What is the ten thousands digit of 61246?
6
What is the hundreds digit of 3949?
9
What is the hundreds digit of 1011?
0
What is the units digit of 12829?
9
What is the tens digit of 1272?
7
What is the thousands digit of 16843?
6
What is the tens digit of 12791?
9
What is the thousands digit of 9984?
9
What is the hundreds digit of 95681?
6
What is the tens digit of 65326?
2
What is the thousands digit of 33858?
3
What is the tens digit of 3348?
4
What is the tens digit of 3539?
3
What is the hundreds digit of 504?
5
What is the hundreds digit of 8865?
8
What is the tens digit of 2144?
4
What is the units digit of 35996?
6
What is the thousands digit of 5778?
5
What is the thousands digit of 2906?
2
What is the tens digit of 3541?
4
What is the hundreds digit of 274?
2
What is the thousands digit of 1166?
1
What is the units digit of 71668?
8
What is the tens digit of 52987?
8
What is the hundreds digit of 12438?
4
What is the hundreds digit of 40368?
3
What is the tens digit of 3473?
7
What is the thousands digit of 9501?
9
What is the thousands digit of 1003?
1
What is the hundreds digit of 231?
2
What is the hundreds digit of 818?
8
What is the tens digit of 3383?
8
What is the tens digit of 1278?
7
What is the tens digit of 20236?
3
What is the hundred thousands digit of 153599?
1
What is the hundreds digit of 108240?
2
What is the units digit of 44621?
1
What is the thousands digit of 2151?
2
What is the tens digit of 3250?
5
What is the thousands digit of 4308?
4
What is the units digit of 38202?
2
What is the units digit of 45124?
4
What is the hundreds digit of 413?
4
What is the hundreds digit of 74796?
7
What is the tens digit of 2271?
7
What is the hundreds digit of 946?
9
What is the tens digit of 3290?
9
What is the hundreds digit of 2915?
9
What is the